 the remainder when 177 is divided by 89.
88
Calculate the remainder when 1401 is divided by 38.
33
Calculate the remainder when 214 is divided by 72.
70
Calculate the remainder when 1274 is divided by 1261.
13
Calculate the remainder when 128 is divided by 38.
14
Calculate the remainder when 1265 is divided by 4.
1
What is the remainder when 361 is divided by 26?
23
What is the remainder when 912 is divided by 83?
82
Calculate the remainder when 37 is divided by 31.
6
What is the remainder when 75 is divided by 34?
7
What is the remainder when 1124 is divided by 353?
65
What is the remainder when 1791 is divided by 13?
10
Calculate the remainder when 36287 is divided by 42.
41
Calculate the remainder when 448 is divided by 5.
3
Calculate the remainder when 2456 is divided by 59.
37
What is the remainder when 522 is divided by 48?
42
What is the remainder when 164 is divided by 8?
4
What is the remainder when 853 is divided by 26?
21
Calculate the remainder when 10234 is divided by 89.
88
What is the remainder when 220 is divided by 44?
0
Calculate the remainder when 1231 is divided by 77.
76
What is the remainder when 114 is divided by 30?
24
Calculate the remainder when 674 is divided by 52.
50
Calculate the remainder when 208 is divided by 8.
0
What is the remainder when 53 is divided by 48?
5
What is the remainder when 316 is divided by 83?
67
Calculate the remainder when 2162 is divided by 438.
410
What is the remainder when 561 is divided by 21?
15
What is the remainder when 182 is divided by 89?
4
What is the remainder when 1018 is divided by 144?
10
What is the remainder when 180 is divided by 19?
9
What is the remainder when 260 is divided by 41?
14
What is the remainder when 876 is divided by 26?
18
What is the remainder when 1239 is divided by 93?
30
What is the remainder when 344 is divided by 65?
19
What is the remainder when 341 is divided by 71?
57
What is the remainder when 207 is divided by 106?
101
Calculate the remainder when 1453 is divided by 31.
27
What is the remainder when 134 is divided by 14?
8
Calculate the remainder when 34 is divided by 33.
1
Calculate the remainder when 425 is divided by 16.
9
What is the remainder when 12796 is divided by 200?
196
Calculate the remainder when 33 is divided by 12.
9
What is the remainder when 1053 is divided by 106?
99
What is the remainder when 5947 is divided by 17?
14
Calculate the remainder when 426 is divided by 97.
38
What is the remainder when 34 is divided by 4?
2
Calculate the remainder when 148 is divided by 34.
12
Calculate the remainder when 326 is divided by 109.
108
What is the remainder when 790 is divided by 157?
5
Calculate the remainder when 6796 is divided by 34.
30
What is the remainder when 2734 is divided by 171?
169
Calculate the remainder when 290 is divided by 103.
84
What is the remainder when 188 is divided by 24?
20
Calculate the remainder when 79 is divided by 56.
23
What is the remainder when 757 is divided by 8?
5
Calculate the remainder when 93 is divided by 20.
13
What is the remainder when 4506 is divided by 301?
292
What is the remainder when 188 is divided by 68?
52
What is the remainder when 8877 is divided by 193?
192
What is the remainder when 39 is divided by 21?
18
Calculate the remainder when 329 is divided by 85.
74
Calculate the remainder when 225 is divided by 19.
16
What is the remainder when 400 is divided by 58?
52
What is the remainder when 32 is divided by 4?
0
What is the remainder when 154 is divided by 12?
10
Calculate the remainder when 419 is divided by 31.
16
Calculate the remainder when 350 is divided by 32.
30
What is the remainder when 754 is divided by 42?
40
What is the remainder when 940 is divided by 16?
12
What is the remainder when 55 is divided by 13?
3
What is the remainder when 1393 is divided by 200?
193
What is the remainder when 2322 is divided by 14?
12
Calculate the remainder when 526 is divided by 144.
94
Calculate the remainder when 108 is divided by 21.
3
Calculate the remainder when 2719 is divided by 80.
79
What is the remainder when 125733 is divided by 62?
59
What is the remainder when 388 is divided by 30?
28
Calculate the remainder when 381 is divided by 9.
3
What is the remainder when 871 is divided by 8?
7
Calculate the remainder when 633 is divided by 76.
25
Calculate the remainder when 230 is divided by 121.
109
What is the remainder when 230 is divided by 26?
22
Calculate the remainder when 284 is divided by 13.
11
What is the remainder when 717 is divided by 191?
144
What is the remainder when 849 is divided by 36?
21
Calculate the remainder when 6787 is divided by 77.
11
Calculate the remainder when 123 is divided by 31.
30
What is the remainder when 392 is divided by 37?
22
What is the remainder when 51 is divided by 19?
13
Calculate the remainder when 594 is divided by 526.
68
Calculate the remainder when 275 is divided by 130.
15
What is the remainder when 130 is divided by 72?
58
What is the remainder when 130 is divided by 71?
59
Calculate the remainder when 228 is divided by 144.
84
Calculate the remainder when 4189 is divided by 8.
5
What is the remainder when 174 is divided by 130?
44
Calculate the remainder when 4389 is divided by 163.
151
Calculate the remainder when 1660 is divided by 46.
4
Calculate the remainder when 89 is divided by 78.
11
What is the remainder when 8737 is divided by 2907?
16
What is the remainder when 1426 is divided by 492?
442
What is the remainder when 124 is divided by 87?
37
What is the remainder when 133 is divided by 96?
37
Calculate the remainder when 102 is divided by 54.
48
What is the remainder when 92 is divided by 19?
16
What is the remainder when 111 is divided by 13?
7
What is the remainder when 140 is divided by 31?
16
Calculate the remainder when 2386 is divided by 8.
2
Calculate the remainder when 148 is divided by 15.
13
What is the remainder when 141 is divided by 15?
6
Calculate the remainder when 35 is divided by 8.
3
What is the remainder when 176 is divided by 81?
14
What is the remainder when 74 is divided by 30?
14
Calculate the remainder when 125 is divided by 44.
37
Calculate the remainder when 318 is divided by 20.
18
What is the remainder when 1268 is divided by 419?
11
Calculate the remainder when 255 is divided by 57.
27
What is the remainder when 316 is divided by 44?
8
What is the remainder when 90 is divided by 31?
28
What is the remainder when 61 is divided by 21?
19
What is the remainder when 670 is divided by 8?
6
Calculate the remainder when 510 is divided by 20.
10
Calculate the remainder when 1620 is divided by 25.
20
What is the remainder when 114 is divided by 13?
10
What is the remainder when 219 is divided by 109?
1
What is the remainder when 3021 is divided by 36?
33
Calculate the remainder when 339 is divided by 11.
9
Calculate the remainder when 180 is divided by 46.
42
What is the remainder when 857 is divided by 36?
29
Calculate the remainder when 327 is divided by 50.
27
Calculate the remainder when 846 is divided by 227.
165
What is the remainder when 244 is divided by 84?
76
What is the remainder when 15750 is divided by 88?
86
What is the remainder when 803 is divided by 23?
21
What is the remainder when 1512 is divided by 31?
24
What is the remainder when 93 is divided by 68?
25
What is the remainder when 885 is divided by 22?
5
What is the remainder when 2539 is divided by 86?
45
Calculate the remainder when 12 is divided by 3.
0
What is the remainder when 436 is divided by 127?
55
What is the remainder when 183 is divided by 8?
7
Calculate the remainder when 1955 is divided by 49.
44
What is the remainder when 4 is divided by 3?
1
Calculate the remainder when 420 is divided by 119.
63
What is the remainder when 324 is divided by 76?
20
Calculate the remainder when 513 is divided by 117.
45
What is the remainder when 693 is divided by 221?
30
What is the remainder when 962 is divided by 46?
42
What is the remainder when 212 is divided by 103?
6
Calculate the remainder when 13 is divided by 6.
1
What is the remainder when 121 is divided by 59?
3
What is the remainder when 1653 is divided by 342?
285
Calculate the remainder when 419 is divided by 30.
29
What is the remainder when 404 is divided by 5?
4
